{"id":195,"date":"2025-10-21T07:54:37","date_gmt":"2025-10-21T05:54:37","guid":{"rendered":"https:\/\/ahsleonding.wordpress.com\/?page_id=195"},"modified":"2026-03-10T10:18:04","modified_gmt":"2026-03-10T09:18:04","slug":"newsblog","status":"publish","type":"page","link":"https:\/\/ahs-leonding.at\/index.php\/newsblog\/","title":{"rendered":"Newsblog"},"content":{"rendered":"\n<div class=\"wp-block-group alignfull has-global-padding is-layout-constrained wp-container-core-group-is-layout-daa29608 wp-block-group-is-layout-constrained\" style=\"margin-top:0;margin-bottom:0;padding-top:var(--wp--preset--spacing--50);padding-right:var(--wp--preset--spacing--50);padding-bottom:var(--wp--preset--spacing--50);padding-left:var(--wp--preset--spacing--50)\">\n<h2 class=\"wp-block-heading has-text-align-center has-xx-large-font-size\" style=\"border-style:none;border-width:0px;padding-right:0;padding-left:0\">Newsblog<\/h2>\n\n\n\n<h1 class=\"wp-block-heading has-text-align-center has-x-large-font-size\"><em><br>Vom Klassenzimmer bis in die Cloud \u2013 in unserem Newsblog erz\u00e4hlen wir, was an der Digi-AHS Leonding passiert.<\/em><\/h1>\n<\/div>\n\n\n\n<div class=\"wp-block-group alignwide has-global-padding is-layout-constrained wp-block-group-is-layout-constrained\" style=\"margin-top:0;margin-bottom:0;padding-top:var(--wp--preset--spacing--40);padding-bottom:var(--wp--preset--spacing--40)\">\n<div class=\"wp-block-columns alignwide is-layout-flex wp-container-core-columns-is-layout-7e464bea wp-block-columns-is-layout-flex\">\n<div class=\"wp-block-column is-layout-flow wp-block-column-is-layout-flow\" style=\"flex-basis:10%\"><\/div>\n\n\n\n<div class=\"wp-block-column is-layout-flow wp-block-column-is-layout-flow\" style=\"flex-basis:60%\">\n<div class=\"wp-block-query is-layout-flow wp-block-query-is-layout-flow\"><ul class=\"wp-block-post-template is-layout-flow wp-block-post-template-is-layout-flow\"><li class=\"wp-block-post post-654 post type-post status-publish format-standard has-post-thumbnail hentry category-unsere-schule\">\n\n<article class=\"wp-block-group is-vertical is-content-justification-stretch is-layout-flex wp-container-core-group-is-layout-353c4f5a wp-block-group-is-layout-flex\"><figure class=\"wp-block-post-featured-image\"><img fetchpriority=\"high\" decoding=\"async\" width=\"1920\" height=\"1080\" src=\"https:\/\/ahs-leonding.at\/wp-content\/uploads\/2026\/02\/ourmascot2.png\" class=\"attachment-post-thumbnail size-post-thumbnail wp-post-image\" alt=\"\" style=\"object-fit:cover;\" srcset=\"https:\/\/ahs-leonding.at\/wp-content\/uploads\/2026\/02\/ourmascot2.png 1920w, https:\/\/ahs-leonding.at\/wp-content\/uploads\/2026\/02\/ourmascot2-300x169.png 300w, https:\/\/ahs-leonding.at\/wp-content\/uploads\/2026\/02\/ourmascot2-1024x576.png 1024w, https:\/\/ahs-leonding.at\/wp-content\/uploads\/2026\/02\/ourmascot2-768x432.png 768w, https:\/\/ahs-leonding.at\/wp-content\/uploads\/2026\/02\/ourmascot2-1536x864.png 1536w\" sizes=\"(max-width: 1920px) 100vw, 1920px\" \/><\/figure>\n\n<h2 class=\"wp-block-post-title has-large-font-size\"><a href=\"https:\/\/ahs-leonding.at\/index.php\/2025\/12\/15\/our-schools-mascot-grammatik-kreativ-und-digital\/\" target=\"_self\" >Our school\u2019s mascot &#8211; Grammatik kreativ und digital<\/a><\/h2><\/article>\n\n\n<div class=\"wp-block-post-excerpt\"><p class=\"wp-block-post-excerpt__excerpt\">Die Sch\u00fcler:innen der 2. Klassen haben in Englisch ihre eigenen Schulmaskotchen f\u00fcr die Digi-AHS entworfen, mit Hilfe von Steigerungsformen von Adjektiven beschrieben, am iPad gezeichnet und in einem AR Video zum Leben erweckt. Durch die Verbindung von Sprache, digitaler Gestaltung&hellip;<\/p><p class=\"wp-block-post-excerpt__more-text\"><a class=\"wp-block-post-excerpt__more-link\" href=\"https:\/\/ahs-leonding.at\/index.php\/2025\/12\/15\/our-schools-mascot-grammatik-kreativ-und-digital\/\">Weiterlesen&#8230;<\/a><\/p><\/div>\n\n\n<div style=\"height:100px\" aria-hidden=\"true\" class=\"wp-block-spacer\"><\/div>\n\n<\/li><li class=\"wp-block-post post-595 post type-post status-publish format-standard has-post-thumbnail hentry category-unsere-schule\">\n\n<article class=\"wp-block-group is-vertical is-content-justification-stretch is-layout-flex wp-container-core-group-is-layout-353c4f5a wp-block-group-is-layout-flex\"><figure class=\"wp-block-post-featured-image\"><img decoding=\"async\" width=\"2560\" height=\"1920\" src=\"https:\/\/ahs-leonding.at\/wp-content\/uploads\/2026\/02\/sport-blogbeitrag-scaled.png\" class=\"attachment-post-thumbnail size-post-thumbnail wp-post-image\" alt=\"\" style=\"object-fit:cover;\" srcset=\"https:\/\/ahs-leonding.at\/wp-content\/uploads\/2026\/02\/sport-blogbeitrag-scaled.png 2560w, https:\/\/ahs-leonding.at\/wp-content\/uploads\/2026\/02\/sport-blogbeitrag-300x225.png 300w, https:\/\/ahs-leonding.at\/wp-content\/uploads\/2026\/02\/sport-blogbeitrag-1024x768.png 1024w, https:\/\/ahs-leonding.at\/wp-content\/uploads\/2026\/02\/sport-blogbeitrag-768x576.png 768w, https:\/\/ahs-leonding.at\/wp-content\/uploads\/2026\/02\/sport-blogbeitrag-1536x1152.png 1536w, https:\/\/ahs-leonding.at\/wp-content\/uploads\/2026\/02\/sport-blogbeitrag-2048x1536.png 2048w\" sizes=\"(max-width: 2560px) 100vw, 2560px\" \/><\/figure>\n\n<h2 class=\"wp-block-post-title has-large-font-size\"><a href=\"https:\/\/ahs-leonding.at\/index.php\/2025\/11\/28\/erlebnisreicher-wintertag-im-fach-bewegung-und-sport\/\" target=\"_self\" >Erlebnisreicher Wintertag im Fach Bewegung und Sport<\/a><\/h2><\/article>\n\n\n<div class=\"wp-block-post-excerpt\"><p class=\"wp-block-post-excerpt__excerpt\">Unsere Sch\u00fcler*innen der Digi-AHS Leonding nutzten den ersten richtigen Schneefall f\u00fcr einen gemeinsamen Ausflug ins Winterwunderland. Mit Bob und Schlitten sausten sie \u00fcber die H\u00fcgel und zeigten dabei ordentlich Tempo und Geschick. Zwischendurch entstanden kreative Schneefiguren \u2013 von klassischen Schneem\u00e4nnern&hellip;<\/p><p class=\"wp-block-post-excerpt__more-text\"><a class=\"wp-block-post-excerpt__more-link\" href=\"https:\/\/ahs-leonding.at\/index.php\/2025\/11\/28\/erlebnisreicher-wintertag-im-fach-bewegung-und-sport\/\">Weiterlesen&#8230;<\/a><\/p><\/div>\n\n\n<div style=\"height:100px\" aria-hidden=\"true\" class=\"wp-block-spacer\"><\/div>\n\n<\/li><li class=\"wp-block-post post-503 post type-post status-publish format-standard has-post-thumbnail hentry category-unsere-schule\">\n\n<article class=\"wp-block-group is-vertical is-content-justification-stretch is-layout-flex wp-container-core-group-is-layout-353c4f5a wp-block-group-is-layout-flex\"><figure class=\"wp-block-post-featured-image\"><img decoding=\"async\" width=\"1408\" height=\"768\" src=\"https:\/\/ahs-leonding.at\/wp-content\/uploads\/2026\/02\/tagderoffenentuer-2025.png\" class=\"attachment-post-thumbnail size-post-thumbnail wp-post-image\" alt=\"\" style=\"object-fit:cover;\" srcset=\"https:\/\/ahs-leonding.at\/wp-content\/uploads\/2026\/02\/tagderoffenentuer-2025.png 1408w, https:\/\/ahs-leonding.at\/wp-content\/uploads\/2026\/02\/tagderoffenentuer-2025-300x164.png 300w, https:\/\/ahs-leonding.at\/wp-content\/uploads\/2026\/02\/tagderoffenentuer-2025-1024x559.png 1024w, https:\/\/ahs-leonding.at\/wp-content\/uploads\/2026\/02\/tagderoffenentuer-2025-768x419.png 768w\" sizes=\"(max-width: 1408px) 100vw, 1408px\" \/><\/figure>\n\n<h2 class=\"wp-block-post-title has-large-font-size\"><a href=\"https:\/\/ahs-leonding.at\/index.php\/2025\/10\/30\/tag-der-offenen-tur-an-der-ahs-leonding\/\" target=\"_self\" >Tag der offenen T\u00fcr 2025 an der Digi-AHS Leonding<\/a><\/h2><\/article>\n\n\n<div class=\"wp-block-post-excerpt\"><p class=\"wp-block-post-excerpt__excerpt\">Schule der Zukunft erleben!Am&nbsp;18.11.2025 von 10-15 Uhr&nbsp;\u00f6ffnet die&nbsp;Digi-AHS Leonding&nbsp;ihre T\u00fcren f\u00fcr alle interessierten Sch\u00fclerinnen, Sch\u00fcler und Eltern, die einen Blick hinter die Kulissen der neuen Schule am BildungsCampus werfen m\u00f6chten. Unsere Besucherinnen und Besucher erwartet ein abwechslungsreiches Programm, das zeigt,&hellip;<\/p><p class=\"wp-block-post-excerpt__more-text\"><a class=\"wp-block-post-excerpt__more-link\" href=\"https:\/\/ahs-leonding.at\/index.php\/2025\/10\/30\/tag-der-offenen-tur-an-der-ahs-leonding\/\">Weiterlesen&#8230;<\/a><\/p><\/div>\n\n\n<div style=\"height:100px\" aria-hidden=\"true\" class=\"wp-block-spacer\"><\/div>\n\n<\/li><li class=\"wp-block-post post-224 post type-post status-publish format-standard has-post-thumbnail hentry category-unsere-schule\">\n\n<article class=\"wp-block-group is-vertical is-content-justification-stretch is-layout-flex wp-container-core-group-is-layout-353c4f5a wp-block-group-is-layout-flex\"><figure class=\"wp-block-post-featured-image\"><img loading=\"lazy\" decoding=\"async\" width=\"1536\" height=\"826\" src=\"https:\/\/ahs-leonding.at\/wp-content\/uploads\/2026\/02\/schwerpunkt-oberstufe.png\" class=\"attachment-post-thumbnail size-post-thumbnail wp-post-image\" alt=\"\" style=\"object-fit:cover;\" srcset=\"https:\/\/ahs-leonding.at\/wp-content\/uploads\/2026\/02\/schwerpunkt-oberstufe.png 1536w, https:\/\/ahs-leonding.at\/wp-content\/uploads\/2026\/02\/schwerpunkt-oberstufe-300x161.png 300w, https:\/\/ahs-leonding.at\/wp-content\/uploads\/2026\/02\/schwerpunkt-oberstufe-1024x551.png 1024w, https:\/\/ahs-leonding.at\/wp-content\/uploads\/2026\/02\/schwerpunkt-oberstufe-768x413.png 768w\" sizes=\"(max-width: 1536px) 100vw, 1536px\" \/><\/figure>\n\n<h2 class=\"wp-block-post-title has-large-font-size\"><a href=\"https:\/\/ahs-leonding.at\/index.php\/2025\/10\/17\/schwerpunkte-oberstufe\/\" target=\"_self\" >Schwerpunkte in der Oberstufe an der Digi-AHS Leonding<\/a><\/h2><\/article>\n\n\n<div class=\"wp-block-post-excerpt\"><p class=\"wp-block-post-excerpt__excerpt\">Digital. Kreativ. Zukunftsorientiert. Ab der 10. Schulstufe setzen Sch\u00fcler*innen der Digi AHS Leonding ihre digitale Ausbildung mit individuellen Schwerpunkten fort. Die Oberstufe bietet dabei vertiefte Einblicke in\u00a0Coding &amp; Robotics,\u00a0Creativity\u00a0und\u00a0Future Research\u00a0\u2013 erg\u00e4nzt durch praxisnahe Gegenst\u00e4nde wie\u00a0Hardware\/Netzwerk, Geografie und Wirtschaftliche Bildung (Unternehmerf\u00fchrerschein)\u00a0sowie&hellip;<\/p><p class=\"wp-block-post-excerpt__more-text\"><a class=\"wp-block-post-excerpt__more-link\" href=\"https:\/\/ahs-leonding.at\/index.php\/2025\/10\/17\/schwerpunkte-oberstufe\/\">Weiterlesen&#8230;<\/a><\/p><\/div>\n\n\n<div style=\"height:100px\" aria-hidden=\"true\" class=\"wp-block-spacer\"><\/div>\n\n<\/li><li class=\"wp-block-post post-10 post type-post status-publish format-standard has-post-thumbnail hentry category-unsere-schule\">\n\n<article class=\"wp-block-group is-vertical is-content-justification-stretch is-layout-flex wp-container-core-group-is-layout-353c4f5a wp-block-group-is-layout-flex\"><figure class=\"wp-block-post-featured-image\"><img loading=\"lazy\" decoding=\"async\" width=\"1408\" height=\"768\" src=\"https:\/\/ahs-leonding.at\/wp-content\/uploads\/2026\/02\/schwerpunktunterstufe-25.png\" class=\"attachment-post-thumbnail size-post-thumbnail wp-post-image\" alt=\"\" style=\"object-fit:cover;\" srcset=\"https:\/\/ahs-leonding.at\/wp-content\/uploads\/2026\/02\/schwerpunktunterstufe-25.png 1408w, https:\/\/ahs-leonding.at\/wp-content\/uploads\/2026\/02\/schwerpunktunterstufe-25-300x164.png 300w, https:\/\/ahs-leonding.at\/wp-content\/uploads\/2026\/02\/schwerpunktunterstufe-25-1024x559.png 1024w, https:\/\/ahs-leonding.at\/wp-content\/uploads\/2026\/02\/schwerpunktunterstufe-25-768x419.png 768w\" sizes=\"(max-width: 1408px) 100vw, 1408px\" \/><\/figure>\n\n<h2 class=\"wp-block-post-title has-large-font-size\"><a href=\"https:\/\/ahs-leonding.at\/index.php\/2025\/09\/25\/schwerpunkte-unterstufe\/\" target=\"_self\" >Schwerpunkte in der Unterstufe an der Digi-AHS Leonding<\/a><\/h2><\/article>\n\n\n<div class=\"wp-block-post-excerpt\"><p class=\"wp-block-post-excerpt__excerpt\">Digitale Kompetenzen von Anfang an&nbsp;\u2013 an der Digi AHS Leonding vermitteln wir unseren Sch\u00fcler*innen bereits in der Unterstufe die Grundlagen f\u00fcr einen sicheren, kreativen und verantwortungsvollen Umgang mit digitalen Technologien. Die Schwerpunkte sind praxisnah gestaltet und geben Einblicke in wichtige&hellip;<\/p><p class=\"wp-block-post-excerpt__more-text\"><a class=\"wp-block-post-excerpt__more-link\" href=\"https:\/\/ahs-leonding.at\/index.php\/2025\/09\/25\/schwerpunkte-unterstufe\/\">Weiterlesen&#8230;<\/a><\/p><\/div>\n\n\n<div style=\"height:100px\" aria-hidden=\"true\" class=\"wp-block-spacer\"><\/div>\n\n<\/li><\/ul><\/div>\n<\/div>\n\n\n\n<div class=\"wp-block-column is-layout-flow wp-block-column-is-layout-flow\" style=\"flex-basis:10%\"><\/div>\n\n\n\n<div class=\"wp-block-column is-layout-flow wp-block-column-is-layout-flow\" style=\"flex-basis:30%\">\n<div class=\"wp-block-columns alignwide is-layout-flex wp-container-core-columns-is-layout-7e464bea wp-block-columns-is-layout-flex\">\n<div class=\"wp-block-column is-layout-flow wp-block-column-is-layout-flow\" style=\"flex-basis:100%\"><aside class=\"wp-block-template-part\">\n<div class=\"wp-block-group is-layout-flow wp-container-core-group-is-layout-0ba1ad86 wp-block-group-is-layout-flow\" style=\"padding-right:0;padding-left:0\">\n<div class=\"wp-block-group has-global-padding is-layout-constrained wp-container-core-group-is-layout-1e17d720 wp-block-group-is-layout-constrained\">\n<h2 class=\"wp-block-heading\" style=\"font-size:clamp(1.039rem, 1.039rem + ((1vw - 0.2rem) * 0.935), 1.6rem);\">Kategorien<\/h2>\n\n\n<ul class=\"wp-block-categories-list wp-block-categories has-small-font-size\">\t<li class=\"cat-item cat-item-3\"><a href=\"https:\/\/ahs-leonding.at\/index.php\/category\/unsere-schule\/\">Unsere Schule<\/a> (5)\n<\/li>\n<\/ul><\/div>\n\n\n\n<hr class=\"wp-block-separator has-text-color has-contrast-color has-alpha-channel-opacity has-contrast-background-color has-background is-style-wide\"\/>\n\n\n\n<div class=\"wp-block-group is-vertical is-content-justification-stretch is-layout-flex wp-container-core-group-is-layout-38a18bb4 wp-block-group-is-layout-flex\">\n<h2 class=\"wp-block-heading\" style=\"font-size:clamp(1.039rem, 1.039rem + ((1vw - 0.2rem) * 0.935), 1.6rem);\">Website durchsuchen<\/h2>\n\n\n<form role=\"search\" method=\"get\" action=\"https:\/\/ahs-leonding.at\/\" class=\"wp-block-search__button-outside wp-block-search__text-button wp-block-search\"    ><label class=\"wp-block-search__label screen-reader-text\" for=\"wp-block-search__input-1\" >Suche<\/label><div class=\"wp-block-search__inside-wrapper\"  style=\"width: 100%\"><input class=\"wp-block-search__input\" id=\"wp-block-search__input-1\" placeholder=\"Suchen\u00a0\u2026\" value=\"\" type=\"search\" name=\"s\" required \/><button aria-label=\"Suche\" class=\"wp-block-search__button wp-element-button\" type=\"submit\" >Suche<\/button><\/div><\/form><\/div>\n\n\n\n<div style=\"height:var(--wp--preset--spacing--10)\" aria-hidden=\"true\" class=\"wp-block-spacer\"><\/div>\n<\/div>\n<\/aside><\/div>\n<\/div>\n<\/div>\n<\/div>\n<\/div>\n\n\n\n<div class=\"wp-block-group alignfull has-global-padding is-layout-constrained wp-container-core-group-is-layout-d89aad35 wp-block-group-is-layout-constrained\" style=\"margin-top:0;margin-bottom:0;padding-top:var(--wp--preset--spacing--50);padding-right:var(--wp--preset--spacing--50);padding-bottom:var(--wp--preset--spacing--50);padding-left:var(--wp--preset--spacing--50)\">\n<div class=\"wp-block-group alignwide has-base-2-background-color has-background has-global-padding is-layout-constrained wp-container-core-group-is-layout-39412042 wp-block-group-is-layout-constrained\" style=\"border-radius:16px;padding-top:var(--wp--preset--spacing--40);padding-right:var(--wp--preset--spacing--50);padding-bottom:var(--wp--preset--spacing--40);padding-left:var(--wp--preset--spacing--50)\">\n<div style=\"height:var(--wp--preset--spacing--10)\" aria-hidden=\"true\" class=\"wp-block-spacer\"><\/div>\n\n\n\n<h2 class=\"wp-block-heading has-text-align-center has-x-large-font-size\">Neugierig gemacht?<\/h2>\n\n\n\n<p class=\"has-text-align-center\">Die Anmeldungen f\u00fcr das Schuljahr 2026\/27 sind abgeschlossen. Informationen zur Voranmeldung f\u00fcr das Schuljahr 2027\/28 folgen bald.<\/p>\n\n\n\n\n\n<div style=\"height:var(--wp--preset--spacing--10)\" aria-hidden=\"true\" class=\"wp-block-spacer\"><\/div>\n<\/div>\n<\/div>\n","protected":false},"excerpt":{"rendered":"<p>Newsblog Vom Klassenzimmer bis in die Cloud \u2013 in unserem Newsblog erz\u00e4hlen wir, was an der Digi-AHS Leonding passiert.<\/p>\n","protected":false},"author":1,"featured_media":0,"parent":0,"menu_order":0,"comment_status":"closed","ping_status":"closed","template":"page-no-title","meta":{"footnotes":""},"class_list":["post-195","page","type-page","status-publish","hentry"],"yoast_head":"<!-- This site is optimized with the Yoast SEO plugin v27.6 - https:\/\/yoast.com\/product\/yoast-seo-wordpress\/ -->\n<title>Newsblog - Digi-AHS Leonding<\/title>\n<meta name=\"description\" content=\"Vom Klassenzimmer bis in die Cloud \u2013 in unserem Newsblog erz\u00e4hlen wir, was an der Digi-AHS passiert.\" \/>\n<meta name=\"robots\" content=\"index, follow, max-snippet:-1, max-image-preview:large, max-video-preview:-1\" \/>\n<link rel=\"canonical\" href=\"https:\/\/ahs-leonding.at\/index.php\/newsblog\/\" \/>\n<meta property=\"og:locale\" content=\"de_DE\" \/>\n<meta property=\"og:type\" content=\"article\" \/>\n<meta property=\"og:title\" content=\"Newsblog - Digi-AHS Leonding\" \/>\n<meta property=\"og:description\" content=\"Vom Klassenzimmer bis in die Cloud \u2013 in unserem Newsblog erz\u00e4hlen wir, was an der Digi-AHS passiert.\" \/>\n<meta property=\"og:url\" content=\"https:\/\/ahs-leonding.at\/index.php\/newsblog\/\" \/>\n<meta property=\"og:site_name\" content=\"Digi-AHS Leonding\" \/>\n<meta property=\"article:modified_time\" content=\"2026-03-10T09:18:04+00:00\" \/>\n<meta name=\"twitter:card\" content=\"summary_large_image\" \/>\n<meta name=\"twitter:label1\" content=\"Gesch\u00e4tzte Lesezeit\" \/>\n\t<meta name=\"twitter:data1\" content=\"1\u00a0Minute\" \/>\n<script type=\"application\/ld+json\" class=\"yoast-schema-graph\">{\"@context\":\"https:\\\/\\\/schema.org\",\"@graph\":[{\"@type\":\"WebPage\",\"@id\":\"https:\\\/\\\/ahs-leonding.at\\\/index.php\\\/newsblog\\\/\",\"url\":\"https:\\\/\\\/ahs-leonding.at\\\/index.php\\\/newsblog\\\/\",\"name\":\"Newsblog - Digi-AHS Leonding\",\"isPartOf\":{\"@id\":\"https:\\\/\\\/ahs-leonding.at\\\/#website\"},\"datePublished\":\"2025-10-21T05:54:37+00:00\",\"dateModified\":\"2026-03-10T09:18:04+00:00\",\"description\":\"Vom Klassenzimmer bis in die Cloud \u2013 in unserem Newsblog erz\u00e4hlen wir, was an der Digi-AHS passiert.\",\"breadcrumb\":{\"@id\":\"https:\\\/\\\/ahs-leonding.at\\\/index.php\\\/newsblog\\\/#breadcrumb\"},\"inLanguage\":\"de\",\"potentialAction\":[{\"@type\":\"ReadAction\",\"target\":[\"https:\\\/\\\/ahs-leonding.at\\\/index.php\\\/newsblog\\\/\"]}]},{\"@type\":\"BreadcrumbList\",\"@id\":\"https:\\\/\\\/ahs-leonding.at\\\/index.php\\\/newsblog\\\/#breadcrumb\",\"itemListElement\":[{\"@type\":\"ListItem\",\"position\":1,\"name\":\"Start\",\"item\":\"https:\\\/\\\/ahs-leonding.at\\\/\"},{\"@type\":\"ListItem\",\"position\":2,\"name\":\"Newsblog\"}]},{\"@type\":\"WebSite\",\"@id\":\"https:\\\/\\\/ahs-leonding.at\\\/#website\",\"url\":\"https:\\\/\\\/ahs-leonding.at\\\/\",\"name\":\"Digi-AHS Leonding\",\"description\":\"Die AHS mit Digi-Schwerpunkt in Leonding\",\"publisher\":{\"@id\":\"https:\\\/\\\/ahs-leonding.at\\\/#organization\"},\"potentialAction\":[{\"@type\":\"SearchAction\",\"target\":{\"@type\":\"EntryPoint\",\"urlTemplate\":\"https:\\\/\\\/ahs-leonding.at\\\/?s={search_term_string}\"},\"query-input\":{\"@type\":\"PropertyValueSpecification\",\"valueRequired\":true,\"valueName\":\"search_term_string\"}}],\"inLanguage\":\"de\"},{\"@type\":\"Organization\",\"@id\":\"https:\\\/\\\/ahs-leonding.at\\\/#organization\",\"name\":\"Digi-AHS Leonding\",\"url\":\"https:\\\/\\\/ahs-leonding.at\\\/\",\"logo\":{\"@type\":\"ImageObject\",\"inLanguage\":\"de\",\"@id\":\"https:\\\/\\\/ahs-leonding.at\\\/#\\\/schema\\\/logo\\\/image\\\/\",\"url\":\"https:\\\/\\\/ahs-leonding.at\\\/wp-content\\\/uploads\\\/2026\\\/02\\\/digi-AHS.png\",\"contentUrl\":\"https:\\\/\\\/ahs-leonding.at\\\/wp-content\\\/uploads\\\/2026\\\/02\\\/digi-AHS.png\",\"width\":427,\"height\":335,\"caption\":\"Digi-AHS Leonding\"},\"image\":{\"@id\":\"https:\\\/\\\/ahs-leonding.at\\\/#\\\/schema\\\/logo\\\/image\\\/\"}}]}<\/script>\n<!-- \/ Yoast SEO plugin. -->","yoast_head_json":{"title":"Newsblog - Digi-AHS Leonding","description":"Vom Klassenzimmer bis in die Cloud \u2013 in unserem Newsblog erz\u00e4hlen wir, was an der Digi-AHS passiert.","robots":{"index":"index","follow":"follow","max-snippet":"max-snippet:-1","max-image-preview":"max-image-preview:large","max-video-preview":"max-video-preview:-1"},"canonical":"https:\/\/ahs-leonding.at\/index.php\/newsblog\/","og_locale":"de_DE","og_type":"article","og_title":"Newsblog - Digi-AHS Leonding","og_description":"Vom Klassenzimmer bis in die Cloud \u2013 in unserem Newsblog erz\u00e4hlen wir, was an der Digi-AHS passiert.","og_url":"https:\/\/ahs-leonding.at\/index.php\/newsblog\/","og_site_name":"Digi-AHS Leonding","article_modified_time":"2026-03-10T09:18:04+00:00","twitter_card":"summary_large_image","twitter_misc":{"Gesch\u00e4tzte Lesezeit":"1\u00a0Minute"},"schema":{"@context":"https:\/\/schema.org","@graph":[{"@type":"WebPage","@id":"https:\/\/ahs-leonding.at\/index.php\/newsblog\/","url":"https:\/\/ahs-leonding.at\/index.php\/newsblog\/","name":"Newsblog - Digi-AHS Leonding","isPartOf":{"@id":"https:\/\/ahs-leonding.at\/#website"},"datePublished":"2025-10-21T05:54:37+00:00","dateModified":"2026-03-10T09:18:04+00:00","description":"Vom Klassenzimmer bis in die Cloud \u2013 in unserem Newsblog erz\u00e4hlen wir, was an der Digi-AHS passiert.","breadcrumb":{"@id":"https:\/\/ahs-leonding.at\/index.php\/newsblog\/#breadcrumb"},"inLanguage":"de","potentialAction":[{"@type":"ReadAction","target":["https:\/\/ahs-leonding.at\/index.php\/newsblog\/"]}]},{"@type":"BreadcrumbList","@id":"https:\/\/ahs-leonding.at\/index.php\/newsblog\/#breadcrumb","itemListElement":[{"@type":"ListItem","position":1,"name":"Start","item":"https:\/\/ahs-leonding.at\/"},{"@type":"ListItem","position":2,"name":"Newsblog"}]},{"@type":"WebSite","@id":"https:\/\/ahs-leonding.at\/#website","url":"https:\/\/ahs-leonding.at\/","name":"Digi-AHS Leonding","description":"Die AHS mit Digi-Schwerpunkt in Leonding","publisher":{"@id":"https:\/\/ahs-leonding.at\/#organization"},"potentialAction":[{"@type":"SearchAction","target":{"@type":"EntryPoint","urlTemplate":"https:\/\/ahs-leonding.at\/?s={search_term_string}"},"query-input":{"@type":"PropertyValueSpecification","valueRequired":true,"valueName":"search_term_string"}}],"inLanguage":"de"},{"@type":"Organization","@id":"https:\/\/ahs-leonding.at\/#organization","name":"Digi-AHS Leonding","url":"https:\/\/ahs-leonding.at\/","logo":{"@type":"ImageObject","inLanguage":"de","@id":"https:\/\/ahs-leonding.at\/#\/schema\/logo\/image\/","url":"https:\/\/ahs-leonding.at\/wp-content\/uploads\/2026\/02\/digi-AHS.png","contentUrl":"https:\/\/ahs-leonding.at\/wp-content\/uploads\/2026\/02\/digi-AHS.png","width":427,"height":335,"caption":"Digi-AHS Leonding"},"image":{"@id":"https:\/\/ahs-leonding.at\/#\/schema\/logo\/image\/"}}]}},"jetpack_sharing_enabled":true,"_links":{"self":[{"href":"https:\/\/ahs-leonding.at\/index.php\/wp-json\/wp\/v2\/pages\/195","targetHints":{"allow":["GET"]}}],"collection":[{"href":"https:\/\/ahs-leonding.at\/index.php\/wp-json\/wp\/v2\/pages"}],"about":[{"href":"https:\/\/ahs-leonding.at\/index.php\/wp-json\/wp\/v2\/types\/page"}],"author":[{"embeddable":true,"href":"https:\/\/ahs-leonding.at\/index.php\/wp-json\/wp\/v2\/users\/1"}],"replies":[{"embeddable":true,"href":"https:\/\/ahs-leonding.at\/index.php\/wp-json\/wp\/v2\/comments?post=195"}],"version-history":[{"count":16,"href":"https:\/\/ahs-leonding.at\/index.php\/wp-json\/wp\/v2\/pages\/195\/revisions"}],"predecessor-version":[{"id":811,"href":"https:\/\/ahs-leonding.at\/index.php\/wp-json\/wp\/v2\/pages\/195\/revisions\/811"}],"wp:attachment":[{"href":"https:\/\/ahs-leonding.at\/index.php\/wp-json\/wp\/v2\/media?parent=195"}],"curies":[{"name":"wp","href":"https:\/\/api.w.org\/{rel}","templated":true}]}}